{"id":45,"date":"2021-10-19T07:36:28","date_gmt":"2021-10-19T05:36:28","guid":{"rendered":"https:\/\/kits.themecy.com\/memberships-3\/?page_id=45"},"modified":"2023-09-11T13:04:55","modified_gmt":"2023-09-11T11:04:55","slug":"about","status":"publish","type":"page","link":"https:\/\/xtssrl.be\/index.php\/about\/","title":{"rendered":"\u00c0 propos"},"content":{"rendered":"<style>.kb-row-layout-id45_fe3546-1f > .kt-row-column-wrap{align-content:center;}:where(.kb-row-layout-id45_fe3546-1f > .kt-row-column-wrap) > .wp-block-kadence-column{justify-content:center;}.kb-row-layout-id45_fe3546-1f > .kt-row-column-wrap{column-gap:20px;row-gap:var(--global-kb-gap-md, 2rem);max-width:var( --global-content-width, 1290px );padding-left:var(--global-content-edge-padding);padding-right:var(--global-content-edge-padding);padding-top:100px;padding-right:20px;padding-bottom:100px;padding-left:20px;grid-template-columns:minmax(0, 40%) minmax(0, 60%);}.kb-row-layout-id45_fe3546-1f > .kt-row-layout-overlay{opacity:1;background:linear-gradient(270deg, var(--global-palette8) 35%, var(--global-palette9) 0%);}@media all and (max-width: 1024px){.kb-row-layout-id45_fe3546-1f > .kt-row-column-wrap{padding-top:60px;padding-right:40px;padding-bottom:60px;padding-left:40px;grid-template-columns:minmax(0, 1fr);}}@media all and (max-width: 767px){.kb-row-layout-id45_fe3546-1f > .kt-row-column-wrap{padding-top:60px;padding-right:30px;padding-bottom:60px;padding-left:30px;grid-template-columns:minmax(0, 1fr);}}<\/style><div class=\"kb-row-layout-wrap kb-row-layout-id45_fe3546-1f alignnone kt-row-has-bg wp-block-kadence-rowlayout\"><div class=\"kt-row-layout-overlay kt-row-overlay-gradient\"><\/div><div class=\"kt-row-column-wrap kt-has-2-columns kt-row-layout-equal kt-tab-layout-row kt-mobile-layout-row kt-row-valign-middle kb-theme-content-width\">\n<style>.kadence-column45_91992f-ea, .kt-inside-inner-col > .kadence-column45_91992f-ea:not(.specificity){margin-right:50px;}.kadence-column45_91992f-ea > .kt-inside-inner-col,.kadence-column45_91992f-ea > .kt-inside-inner-col:before{border-top-left-radius:0px;border-top-right-radius:0px;border-bottom-right-radius:0px;border-bottom-left-radius:0px;}.kadence-column45_91992f-ea > .kt-inside-inner-col:before{opacity:0.3;}.kadence-column45_91992f-ea{position:relative;}@media all and (max-width: 1024px){.kadence-column45_91992f-ea, .kt-inside-inner-col > .kadence-column45_91992f-ea:not(.specificity){margin-right:0px;margin-left:0px;}}@media all and (max-width: 1024px){.kadence-column45_91992f-ea > .kt-inside-inner-col{padding-right:0px;padding-left:0px;}}@media all and (max-width: 767px){.kadence-column45_91992f-ea, .kt-inside-inner-col > .kadence-column45_91992f-ea:not(.specificity){margin-right:0px;margin-left:0px;}}<\/style>\n<div class=\"wp-block-kadence-column kadence-column45_91992f-ea inner-column-1\"><div class=\"kt-inside-inner-col\"><style>.kb-row-layout-wrap.wp-block-kadence-rowlayout.kb-row-layout-id45_68bcff-40{margin-bottom:50px;}.kb-row-layout-id45_68bcff-40 > .kt-row-column-wrap{align-content:start;}:where(.kb-row-layout-id45_68bcff-40 > .kt-row-column-wrap) > .wp-block-kadence-column{justify-content:start;}.kb-row-layout-id45_68bcff-40 > .kt-row-column-wrap{column-gap:var(--global-kb-gap-md, 2rem);row-gap:var(--global-kb-gap-md, 2rem);padding-top:0px;padding-right:40px;padding-bottom:0px;padding-left:0px;grid-template-columns:minmax(0, 1fr);}.kb-row-layout-id45_68bcff-40 > .kt-row-layout-overlay{opacity:0.30;}@media all and (max-width: 1024px){.kb-row-layout-id45_68bcff-40 > .kt-row-column-wrap{padding-right:0px;padding-left:0px;grid-template-columns:minmax(0, 1fr);}}@media all and (max-width: 767px){.kb-row-layout-id45_68bcff-40 > .kt-row-column-wrap{padding-right:0px;padding-left:0px;grid-template-columns:minmax(0, 1fr);}}<\/style><div class=\"kb-row-layout-wrap kb-row-layout-id45_68bcff-40 alignnone wp-block-kadence-rowlayout\"><div class=\"kt-row-column-wrap kt-has-1-columns kt-row-layout-equal kt-tab-layout-inherit kt-mobile-layout-row kt-row-valign-top\">\n<style>.kadence-column45_c8e47b-28 > .kt-inside-inner-col,.kadence-column45_c8e47b-28 > .kt-inside-inner-col:before{border-top-left-radius:0px;border-top-right-radius:0px;border-bottom-right-radius:0px;border-bottom-left-radius:0px;}.kadence-column45_c8e47b-28 > .kt-inside-inner-col:before{opacity:0.3;}.kadence-column45_c8e47b-28{position:relative;}@media all and (max-width: 1024px){.kadence-column45_c8e47b-28, .kt-inside-inner-col > .kadence-column45_c8e47b-28:not(.specificity){margin-right:0px;margin-left:0px;}}<\/style>\n<div class=\"wp-block-kadence-column kadence-column45_c8e47b-28 inner-column-1\"><div class=\"kt-inside-inner-col\"><style>.wp-block-kadence-advancedheading.kt-adv-heading45_f86136-d0, .wp-block-kadence-advancedheading.kt-adv-heading45_f86136-d0[data-kb-block=\"kb-adv-heading45_f86136-d0\"]{margin-bottom:10px;font-style:normal;}.wp-block-kadence-advancedheading.kt-adv-heading45_f86136-d0 mark, .wp-block-kadence-advancedheading.kt-adv-heading45_f86136-d0[data-kb-block=\"kb-adv-heading45_f86136-d0\"] mark{font-style:normal;color:#f76a0c;padding-top:0px;padding-right:0px;padding-bottom:0px;padding-left:0px;}@media all and (max-width: 1024px){.wp-block-kadence-advancedheading.kt-adv-heading45_f86136-d0, .wp-block-kadence-advancedheading.kt-adv-heading45_f86136-d0[data-kb-block=\"kb-adv-heading45_f86136-d0\"]{text-align:center!important;}}@media all and (max-width: 767px){.wp-block-kadence-advancedheading.kt-adv-heading45_f86136-d0, .wp-block-kadence-advancedheading.kt-adv-heading45_f86136-d0[data-kb-block=\"kb-adv-heading45_f86136-d0\"]{text-align:center!important;}}<\/style>\n<p class=\"kt-adv-heading45_f86136-d0 wp-block-kadence-advancedheading\" data-kb-block=\"kb-adv-heading45_f86136-d0\">QUI SOMMES-NOUS<\/p>\n\n\n<style>.wp-block-kadence-advancedheading.kt-adv-heading45_f7f9fc-28, .wp-block-kadence-advancedheading.kt-adv-heading45_f7f9fc-28[data-kb-block=\"kb-adv-heading45_f7f9fc-28\"]{padding-top:0px;margin-top:0px;font-style:normal;}.wp-block-kadence-advancedheading.kt-adv-heading45_f7f9fc-28 mark, .wp-block-kadence-advancedheading.kt-adv-heading45_f7f9fc-28[data-kb-block=\"kb-adv-heading45_f7f9fc-28\"] mark{font-style:normal;color:#f76a0c;padding-top:0px;padding-right:0px;padding-bottom:0px;padding-left:0px;}@media all and (max-width: 1024px){.wp-block-kadence-advancedheading.kt-adv-heading45_f7f9fc-28, .wp-block-kadence-advancedheading.kt-adv-heading45_f7f9fc-28[data-kb-block=\"kb-adv-heading45_f7f9fc-28\"]{text-align:center!important;}}@media all and (max-width: 767px){.wp-block-kadence-advancedheading.kt-adv-heading45_f7f9fc-28, .wp-block-kadence-advancedheading.kt-adv-heading45_f7f9fc-28[data-kb-block=\"kb-adv-heading45_f7f9fc-28\"]{font-size:var(--global-kb-font-size-xl, 3rem);text-align:center!important;}}<\/style>\n<h2 class=\"kt-adv-heading45_f7f9fc-28 wp-block-kadence-advancedheading\" data-kb-block=\"kb-adv-heading45_f7f9fc-28\">Notre vision<\/h2>\n\n\n\n<p>Chez XTS, nous croyons que l&#8217;innovation et la durabilit\u00e9 sont les piliers de l&#8217;avenir. Nous nous effor\u00e7ons de cr\u00e9er des solutions \u00e9nerg\u00e9tiques efficaces et respectueuses de l&#8217;environnement pour un monde meilleur. Notre \u00e9quipe d\u00e9vou\u00e9e est pr\u00eate \u00e0 relever tous les d\u00e9fis, de la conception de projets \u00e9lectriques complexes \u00e0 la mise en \u0153uvre de syst\u00e8mes de s\u00e9curit\u00e9 avanc\u00e9s.<\/p>\n\n\n\n<p>Nous sommes fiers de notre engagement envers l&#8217;excellence, la qualit\u00e9 et le service \u00e0 la client\u00e8le. XTS, c&#8217;est l&#8217;expertise \u00e9lectrique alli\u00e9e \u00e0 la technologie de pointe pour fa\u00e7onner un avenir plus intelligent, plus s\u00fbr et plus durable.<\/p>\n\n\n\n<p>Joignez-vous \u00e0 nous pour cette aventure \u00e9lectrisante vers un monde meilleur, propuls\u00e9 par l&#8217;innovation et guid\u00e9 par la durabilit\u00e9.<\/p>\n<\/div><\/div>\n\n<\/div><\/div><\/div><\/div>\n\n\n<style>.kadence-column45_a1510e-17 > .kt-inside-inner-col,.kadence-column45_a1510e-17 > .kt-inside-inner-col:before{border-top-left-radius:0px;border-top-right-radius:0px;border-bottom-right-radius:0px;border-bottom-left-radius:0px;}.kadence-column45_a1510e-17 > .kt-inside-inner-col:before{opacity:0.3;}.kadence-column45_a1510e-17{position:relative;}<\/style>\n<div class=\"wp-block-kadence-column kadence-column45_a1510e-17 inner-column-2\"><div class=\"kt-inside-inner-col\">\n<figure class=\"wp-block-image size-full is-resized\"><img loading=\"lazy\" decoding=\"async\" src=\"https:\/\/xtssrl.be\/wp-content\/uploads\/2023\/09\/WhatsApp-Image-2023-09-11-at-12.41.28.jpeg\" alt=\"\" class=\"wp-image-1564\" style=\"width:270px;height:359px\" width=\"270\" height=\"359\" srcset=\"https:\/\/xtssrl.be\/wp-content\/uploads\/2023\/09\/WhatsApp-Image-2023-09-11-at-12.41.28.jpeg 768w, https:\/\/xtssrl.be\/wp-content\/uploads\/2023\/09\/WhatsApp-Image-2023-09-11-at-12.41.28-225x300.jpeg 225w\" sizes=\"auto, (max-width: 270px) 100vw, 270px\" \/><\/figure>\n<\/div><\/div>\n\n<\/div><\/div>","protected":false},"excerpt":{"rendered":"<p>QUI SOMMES-NOUS Notre vision Chez XTS, nous croyons que l&#8217;innovation et la durabilit\u00e9 sont les piliers de l&#8217;avenir. Nous nous effor\u00e7ons de cr\u00e9er des solutions \u00e9nerg\u00e9tiques efficaces et respectueuses de&#8230;<\/p>\n","protected":false},"author":1,"featured_media":684,"parent":0,"menu_order":0,"comment_status":"closed","ping_status":"closed","template":"","meta":{"_EventAllDay":false,"_EventTimezone":"","_EventStartDate":"","_EventEndDate":"","_EventStartDateUTC":"","_EventEndDateUTC":"","_EventShowMap":false,"_EventShowMapLink":false,"_EventURL":"","_EventCost":"","_EventCostDescription":"","_EventCurrencySymbol":"","_EventCurrencyCode":"","_EventCurrencyPosition":"","_EventDateTimeSeparator":"","_EventTimeRangeSeparator":"","_EventOrganizerID":[],"_EventVenueID":[],"_OrganizerEmail":"","_OrganizerPhone":"","_OrganizerWebsite":"","_VenueAddress":"","_VenueCity":"","_VenueCountry":"","_VenueProvince":"","_VenueState":"","_VenueZip":"","_VenuePhone":"","_VenueURL":"","_VenueStateProvince":"","_VenueLat":"","_VenueLng":"","_VenueShowMap":false,"_VenueShowMapLink":false,"_kad_post_transparent":"","_kad_post_title":"hide","_kad_post_layout":"fullwidth","_kad_post_sidebar_id":"","_kad_post_content_style":"unboxed","_kad_post_vertical_padding":"hide","_kad_post_feature":"hide","_kad_post_feature_position":"","_kad_post_header":false,"_kad_post_footer":false,"footnotes":""},"class_list":["post-45","page","type-page","status-publish","has-post-thumbnail","hentry"],"_links":{"self":[{"href":"https:\/\/xtssrl.be\/index.php\/wp-json\/wp\/v2\/pages\/45","targetHints":{"allow":["GET"]}}],"collection":[{"href":"https:\/\/xtssrl.be\/index.php\/wp-json\/wp\/v2\/pages"}],"about":[{"href":"https:\/\/xtssrl.be\/index.php\/wp-json\/wp\/v2\/types\/page"}],"author":[{"embeddable":true,"href":"https:\/\/xtssrl.be\/index.php\/wp-json\/wp\/v2\/users\/1"}],"replies":[{"embeddable":true,"href":"https:\/\/xtssrl.be\/index.php\/wp-json\/wp\/v2\/comments?post=45"}],"version-history":[{"count":6,"href":"https:\/\/xtssrl.be\/index.php\/wp-json\/wp\/v2\/pages\/45\/revisions"}],"predecessor-version":[{"id":1569,"href":"https:\/\/xtssrl.be\/index.php\/wp-json\/wp\/v2\/pages\/45\/revisions\/1569"}],"wp:featuredmedia":[{"embeddable":true,"href":"https:\/\/xtssrl.be\/index.php\/wp-json\/wp\/v2\/media\/684"}],"wp:attachment":[{"href":"https:\/\/xtssrl.be\/index.php\/wp-json\/wp\/v2\/media?parent=45"}],"curies":[{"name":"wp","href":"https:\/\/api.w.org\/{rel}","templated":true}]}}